3?
109
Calculate the greatest common divisor of 6 and 31254.
6
Calculate the greatest common divisor of 1440 and 16260.
60
What is the highest common factor of 1 and 249967?
1
What is the highest common factor of 13667 and 1817?
79
Calculate the highest common factor of 874 and 5966.
38
What is the greatest common divisor of 4623 and 2760?
69
Calculate the highest common factor of 33 and 1175240.
11
What is the greatest common divisor of 42 and 4844?
14
Calculate the highest common factor of 6 and 10125.
3
What is the greatest common divisor of 70384 and 80?
16
What is the greatest common divisor of 8194 and 85?
17
What is the highest common factor of 7063 and 112?
7
What is the highest common divisor of 141 and 3513?
3
What is the greatest common factor of 88 and 102058?
22
Calculate the highest common factor of 4232206 and 11.
11
What is the highest common factor of 13 and 2925884?
13
Calculate the greatest common factor of 1316 and 48363.
329
Calculate the greatest common divisor of 29224 and 312.
104
Calculate the greatest common divisor of 48 and 5097.
3
Calculate the highest common divisor of 39711 and 31.
31
Calculate the greatest common divisor of 60492 and 568.
284
Calculate the highest common divisor of 103 and 91361.
103
What is the highest common factor of 1120 and 368?
16
Calculate the greatest common factor of 2831 and 136931.
149
What is the greatest common factor of 5941 and 780?
13
Calculate the greatest common divisor of 1485322 and 58.
58
Calculate the greatest common factor of 1517 and 6806.
41
What is the highest common divisor of 82 and 1064155?
41
What is the greatest common divisor of 85618 and 13468?
962
What is the greatest common factor of 1027 and 3809?
13
Calculate the highest common divisor of 31961 and 31.
31
Calculate the greatest common divisor of 138 and 871677.
69
What is the highest common factor of 46344 and 4560?
24
What is the highest common divisor of 225 and 1284300?
225
What is the highest common factor of 26 and 2522?
26
What is the greatest common factor of 1047 and 69451?
349
What is the highest common factor of 213030 and 85475?
1315
Calculate the highest common factor of 60 and 800355.
15
What is the greatest common factor of 2815 and 27024?
563
What is the highest common divisor of 1683 and 7293?
561
What is the greatest common factor of 2369 and 6233?
23
What is the greatest common factor of 2967 and 17544?
129
Calculate the highest common divisor of 42949 and 189568.
1481
What is the highest common factor of 24047 and 973?
139
What is the greatest common factor of 68675 and 575?
25
What is the highest common factor of 44694 and 3042?
234
What is the highest common factor of 10240 and 1880?
40
What is the highest common factor of 3860 and 140?
20
Calculate the highest common divisor of 44 and 769186.
22
Calculate the greatest common factor of 110 and 12204610.
110
Calculate the highest common factor of 67 and 420559.
67
Calculate the highest common factor of 3139 and 292.
73
What is the greatest common factor of 1212 and 34744?
404
What is the highest common factor of 2680 and 8080?
40
What is the greatest common factor of 80 and 8620?
20
Calculate the greatest common divisor of 29212 and 121644.
436
Calculate the highest common divisor of 10 and 5142490.
10
What is the highest common divisor of 1788 and 49766?
298
Calculate the greatest common factor of 42 and 531321.
21
What is the greatest common divisor of 551 and 49533?
19
What is the greatest common factor of 86314 and 2266?
206
Calculate the greatest common divisor of 565810 and 1770.
590
Calculate the highest common factor of 3906608 and 74.
74
Calculate the highest common factor of 74 and 7955.
37
Calculate the greatest common factor of 36 and 219084.
12
Calculate the greatest common factor of 1025898 and 244.
122
Calculate the greatest common factor of 174 and 6294.
6
What is the greatest common factor of 63 and 9339414?
21
What is the greatest common factor of 84 and 63532?
28
Calculate the greatest common divisor of 8383 and 6640.
83
What is the highest common divisor of 190961 and 119?
17
What is the highest common divisor of 36 and 12126?
6
What is the highest common divisor of 708 and 10860?
12
What is the greatest common divisor of 1070250 and 1875?
375
Calculate the highest common divisor of 1755 and 864.
27
Calculate the highest common factor of 416 and 676.
52
What is the highest common divisor of 3276 and 7896?
84
Calculate the greatest common divisor of 894 and 24.
6
Calculate the greatest common factor of 66250 and 750.
250
What is the highest common factor of 9 and 38796?
3
Calculate the greatest common divisor of 115200 and 225.
225
What is the greatest common divisor of 14039 and 5699?
139
Calculate the greatest common divisor of 19872 and 11448.
216
Calculate the greatest common divisor of 765391 and 748.
187
What is the greatest common factor of 963 and 738?
9
Calculate the highest common factor of 14 and 41594.
14
Calculate the greatest common divisor of 276 and 21597.
69
Calculate the greatest common factor of 14860 and 380.
20
Calculate the highest common divisor of 349 and 6326.
1
What is the greatest common factor of 228 and 1214736?
12
What is the greatest common factor of 53894 and 2?
2
What is the highest common factor of 117 and 321219?
9
What is the highest common factor of 92 and 48277?
23
Calculate the greatest common factor of 42479 and 73723.
107
What is the highest common factor of 17628 and 416?
52
Calculate the highest common factor of 184 and 81305.
23
What is the highest common factor of 16 and 2360?
8
What is the greatest common factor of 1710552 and 526?
526
What is the greatest common factor of 548353 and 13?
13
What is the highest common factor of 247914 and 108?
54
Calculate the greatest common divisor of 1782220 and 220.
220
Calculate the highest common divisor of 246 and 69946.
82
Calculate the highest common factor of 225 and 326160.
45
What is the greatest common divisor of 532059 and 4048?
253
Calculate the greatest common divisor of 360 and 23292.
36
Calculate the highest common factor of 35584 and 3058.
278
Calculate the greatest common factor of 192 and 1212.
12
What is the highest common divisor of 202 and 3190388?
202
Calculate the highest common factor of 3225 and 2958400.
1075
Calculate the greatest common factor of 21 and 1799777.
7
What is the greatest common divisor of 5 and 121795?
5
Calculate the greatest common factor of 77 and 18641.
7
Calculate the highest common divisor of 92 and 1238090.
46
What is the highest common factor of 4096 and 3456?
128
What is the highest common divisor of 168 and 1812552?
168
Calculate the highest common factor of 11040 and 4324.
92
What is the highest common factor of 86931 and 19539?
117
Calculate the greatest common divisor of 8384 and 13536.
32
What is the highest common divisor of 192 and 12372?
12
What is the greatest common divisor of 1313019 and 1443?
111
Calculate the highest common factor of 4205 and 825.
5
What is the highest common factor of 46 and 10189?
23
Calculate the greatest common divisor of 180 and 8980.
20
What is the greatest common factor of 3 and 80760?
3
What is the highest common factor of 85 and 560?
5
Calculate the greatest common divisor of 5370 and 17610.
30
What is the greatest common divisor of 895 and 147?
1
What is the greatest common divisor of 196882 and 656?
82
What is the highest common divisor of 1905 and 889?
127
Calculate the greatest common factor of 62998 and 26.
26
What is the greatest common factor of 1233778 and 546?
182
Calculate the highest common factor of 76975 and 25.
25
Calculate the greatest common factor of 7232394 and 156.
78
Calculate the highest common divisor of 208 and 176904.
104
What is the greatest common divisor of 120611 and 174?
29
Calculate the highest common factor of 1104 and 4623.
69
Calculate the highest common divisor of 2792794 and 272.
34
What is the highest common divisor of 212617 and 1211?
173
What is the greatest common factor of 10101 and 33411?
777
Calculate the highest common divisor of 1662 and 153458.
554
What is the greatest common factor of 51 and 342?
3
Calculate the greatest common divisor of 33808 and 64.
16
Calculate the highest common factor of 2027779 a